{"id":353,"date":"2023-07-28T22:43:13","date_gmt":"2023-07-28T20:43:13","guid":{"rendered":"https:\/\/os-svetvincenat.skole.hr\/?page_id=353"},"modified":"2025-11-02T20:07:03","modified_gmt":"2025-11-02T19:07:03","slug":"vijece-roditelja","status":"publish","type":"page","link":"https:\/\/os-svetvincenat.skole.hr\/?page_id=353","title":{"rendered":"Vije\u0107e roditelja"},"content":{"rendered":"<p>[et_pb_section fb_built=&#8221;1&#8243; _builder_version=&#8221;4.25.0&#8243; _module_preset=&#8221;default&#8221; global_colors_info=&#8221;{}&#8221;][et_pb_row _builder_version=&#8221;4.25.0&#8243; _module_preset=&#8221;default&#8221; global_colors_info=&#8221;{}&#8221;][et_pb_column type=&#8221;4_4&#8243; _builder_version=&#8221;4.25.0&#8243; _module_preset=&#8221;default&#8221; global_colors_info=&#8221;{}&#8221;][et_pb_text _builder_version=&#8221;4.25.0&#8243; text_font=&#8221;||||||||&#8221; text_font_size=&#8221;1px&#8221; text_line_height=&#8221;1em&#8221; header_font=&#8221;EB Garamond|||||||#0C71C3|solid&#8221; header_text_align=&#8221;center&#8221; header_text_color=&#8221;rgba(0,0,0,0.65)&#8221; header_font_size=&#8221;57px&#8221; header_line_height=&#8221;1.3em&#8221; background_color=&#8221;#e0ba69&#8243; max_width=&#8221;600px&#8221; custom_margin=&#8221;-41px|||||&#8221; hover_enabled=&#8221;0&#8243; text_font_size_tablet=&#8221;&#8221; text_font_size_phone=&#8221;15px&#8221; text_font_size_last_edited=&#8221;on|phone&#8221; text_line_height_tablet=&#8221;&#8221; text_line_height_phone=&#8221;1.6em&#8221; text_line_height_last_edited=&#8221;on|phone&#8221; header_font_size_tablet=&#8221;50px&#8221; header_font_size_phone=&#8221;32px&#8221; box_shadow_style=&#8221;preset1&#8243; box_shadow_horizontal=&#8221;-21px&#8221; box_shadow_vertical=&#8221;-2px&#8221; box_shadow_blur=&#8221;27px&#8221; box_shadow_spread=&#8221;-1px&#8221; global_colors_info=&#8221;{}&#8221; theme_builder_area=&#8221;post_content&#8221; sticky_enabled=&#8221;0&#8243;]<\/p>\n<h1>Vije\u0107e roditelja<\/h1>\n<p>&nbsp;<\/p>\n<p>[\/et_pb_text][et_pb_text _builder_version=&#8221;4.25.0&#8243; _module_preset=&#8221;default&#8221; hover_enabled=&#8221;0&#8243; global_colors_info=&#8221;{}&#8221; sticky_enabled=&#8221;0&#8243;]<\/p>\n<p><strong>\u010clanovi Vije\u0107a roditelja u \u0161kolskoj godini 2025.\/2026. :<\/strong><\/p>\n<p><strong>1. razred: <\/strong>Klaudia Pajkovi\u0107<\/p>\n<p><strong>2. razred: <\/strong>Danijela Doblanovi\u0107 \u0160uran<\/p>\n<p><strong>3. razred: <\/strong>Vanessa Vi\u017eentin<\/p>\n<p><strong>4. razred: <\/strong>Marijana Salopek Preden<\/p>\n<p><strong>5. razred:<span>\u00a0<\/span><\/strong>Elena Poropat Pustijanac<\/p>\n<p><strong>6. razred: <\/strong>Marina Pol Breakwell<\/p>\n<p><strong>7. razred:<\/strong> Sanja Macan<\/p>\n<p><strong>8. razred: <\/strong>Jasmina Brati\u010di\u0107<\/p>\n<p>&nbsp;<\/p>\n<p>[\/et_pb_text][\/et_pb_column][\/et_pb_row][\/et_pb_section]<\/p>\n","protected":false},"excerpt":{"rendered":"<p>Vije\u0107e roditelja &nbsp;\u010clanovi Vije\u0107a roditelja u \u0161kolskoj godini 2025.\/2026. : 1. razred: Klaudia Pajkovi\u0107 2. razred: Danijela Doblanovi\u0107 \u0160uran 3. razred: Vanessa Vi\u017eentin 4. razred: Marijana Salopek Preden 5. razred:\u00a0Elena Poropat Pustijanac 6. razred: Marina Pol Breakwell 7. razred: Sanja Macan 8. razred: Jasmina Brati\u010di\u0107 &nbsp;<\/p>\n","protected":false},"author":0,"featured_media":0,"parent":0,"menu_order":0,"comment_status":"closed","ping_status":"closed","template":"","meta":{"_et_pb_use_builder":"on","_et_pb_old_content":"","_et_gb_content_width":"","footnotes":""},"class_list":["post-353","page","type-page","status-publish","hentry"],"_links":{"self":[{"href":"https:\/\/os-svetvincenat.skole.hr\/index.php?rest_route=\/wp\/v2\/pages\/353","targetHints":{"allow":["GET"]}}],"collection":[{"href":"https:\/\/os-svetvincenat.skole.hr\/index.php?rest_route=\/wp\/v2\/pages"}],"about":[{"href":"https:\/\/os-svetvincenat.skole.hr\/index.php?rest_route=\/wp\/v2\/types\/page"}],"replies":[{"embeddable":true,"href":"https:\/\/os-svetvincenat.skole.hr\/index.php?rest_route=%2Fwp%2Fv2%2Fcomments&post=353"}],"version-history":[{"count":6,"href":"https:\/\/os-svetvincenat.skole.hr\/index.php?rest_route=\/wp\/v2\/pages\/353\/revisions"}],"predecessor-version":[{"id":296475,"href":"https:\/\/os-svetvincenat.skole.hr\/index.php?rest_route=\/wp\/v2\/pages\/353\/revisions\/296475"}],"wp:attachment":[{"href":"https:\/\/os-svetvincenat.skole.hr\/index.php?rest_route=%2Fwp%2Fv2%2Fmedia&parent=353"}],"curies":[{"name":"wp","href":"https:\/\/api.w.org\/{rel}","templated":true}]}}