{"id":146,"date":"2023-07-28T22:11:50","date_gmt":"2023-07-28T20:11:50","guid":{"rendered":"https:\/\/os-svetvincenat.skole.hr\/?page_id=146"},"modified":"2025-10-29T17:12:19","modified_gmt":"2025-10-29T16:12:19","slug":"cesta-pitanja","status":"publish","type":"page","link":"https:\/\/os-svetvincenat.skole.hr\/?page_id=146","title":{"rendered":"\u010cesta pitanja"},"content":{"rendered":"<p>[et_pb_section fb_built=&#8221;1&#8243; _builder_version=&#8221;4.25.0&#8243; _module_preset=&#8221;default&#8221; global_colors_info=&#8221;{}&#8221;][et_pb_row column_structure=&#8221;1_2,1_2&#8243; _builder_version=&#8221;4.25.0&#8243; _module_preset=&#8221;default&#8221; global_colors_info=&#8221;{}&#8221;][et_pb_column type=&#8221;1_2&#8243; _builder_version=&#8221;4.25.0&#8243; _module_preset=&#8221;default&#8221; global_colors_info=&#8221;{}&#8221;][et_pb_image src=&#8221;https:\/\/os-svetvincenat.skole.hr\/wp-content\/uploads\/sites\/2697\/2025\/10\/Postavljanje-pitanja.jpg&#8221; title_text=&#8221;Postavljanje-pitanja&#8221; _builder_version=&#8221;4.25.0&#8243; _module_preset=&#8221;default&#8221; custom_padding=&#8221;|598px||||&#8221; global_colors_info=&#8221;{}&#8221;][\/et_pb_image][et_pb_text _builder_version=&#8221;4.25.0&#8243; text_font=&#8221;||||||||&#8221; text_font_size=&#8221;1px&#8221; text_line_height=&#8221;1em&#8221; header_font=&#8221;EB Garamond|||||||#0C71C3|solid&#8221; header_text_align=&#8221;center&#8221; header_text_color=&#8221;rgba(0,0,0,0.65)&#8221; header_font_size=&#8221;57px&#8221; header_line_height=&#8221;1.3em&#8221; background_color=&#8221;rgba(239,239,239,0.99)&#8221; max_width=&#8221;600px&#8221; custom_margin=&#8221;-41px|||||&#8221; text_font_size_tablet=&#8221;&#8221; text_font_size_phone=&#8221;15px&#8221; text_font_size_last_edited=&#8221;on|phone&#8221; text_line_height_tablet=&#8221;&#8221; text_line_height_phone=&#8221;1.6em&#8221; text_line_height_last_edited=&#8221;on|phone&#8221; header_font_size_tablet=&#8221;50px&#8221; header_font_size_phone=&#8221;32px&#8221; box_shadow_style=&#8221;preset1&#8243; box_shadow_horizontal=&#8221;-21px&#8221; box_shadow_vertical=&#8221;-2px&#8221; box_shadow_blur=&#8221;27px&#8221; box_shadow_spread=&#8221;-1px&#8221; global_colors_info=&#8221;{}&#8221;]<\/p>\n<h1>\u010cesta pitanja<\/h1>\n<p>&nbsp;<\/p>\n<p>[\/et_pb_text][\/et_pb_column][et_pb_column type=&#8221;1_2&#8243; _builder_version=&#8221;4.25.0&#8243; _module_preset=&#8221;default&#8221; global_colors_info=&#8221;{}&#8221;][et_pb_image src=&#8221;https:\/\/os-svetvincenat.skole.hr\/wp-content\/uploads\/sites\/2697\/2025\/10\/Postavljanje-pitanja.jpg&#8221; title_text=&#8221;Postavljanje-pitanja&#8221; _builder_version=&#8221;4.25.0&#8243; _module_preset=&#8221;default&#8221; global_colors_info=&#8221;{}&#8221;][\/et_pb_image][\/et_pb_column][\/et_pb_row][et_pb_row _builder_version=&#8221;4.25.0&#8243; _module_preset=&#8221;default&#8221; global_colors_info=&#8221;{}&#8221;][et_pb_column type=&#8221;4_4&#8243; _builder_version=&#8221;4.25.0&#8243; _module_preset=&#8221;default&#8221; global_colors_info=&#8221;{}&#8221;][et_pb_toggle title=&#8221;Termini individualnih informacija 2025.\/2026.&#8221; icon_color=&#8221;#8300E9&#8243; _builder_version=&#8221;4.25.0&#8243; _module_preset=&#8221;default&#8221; hover_enabled=&#8221;0&#8243; global_colors_info=&#8221;{}&#8221; sticky_enabled=&#8221;0&#8243;]<\/p>\n<table width=\"765\" style=\"height: 872px\">\n<tbody>\n<tr style=\"height: 24px\">\n<td style=\"height: 24px;width: 178.35px\">U\u010ditelj\/ica<\/td>\n<td style=\"height: 24px;width: 168.325px\">Predmet<\/td>\n<td style=\"height: 24px;width: 179.413px\">Dan i sat<\/td>\n<td style=\"height: 24px;width: 214.913px\">E-mail<\/td>\n<\/tr>\n<tr style=\"height: 24px\">\n<td style=\"height: 24px;width: 178.35px\">Marina Trogrli\u0107<\/td>\n<td style=\"height: 24px;width: 168.325px\">Razredna nastava 1.r<\/td>\n<td style=\"height: 24px;width: 179.413px\">Ponedjeljak, 16:00-16:45<\/td>\n<td style=\"height: 24px;width: 214.913px\">marina.trogrlic@skole.hr<\/td>\n<\/tr>\n<tr style=\"height: 24px\">\n<td style=\"height: 24px;width: 178.35px\">Tatjana Orli\u0107<\/td>\n<td style=\"height: 24px;width: 168.325px\">Razredna nastava 2.r<\/td>\n<td style=\"height: 24px;width: 179.413px\">Petak, 16:45-17:30<\/td>\n<td style=\"height: 24px;width: 214.913px\">tatjana.orlic@skole.hr<\/td>\n<\/tr>\n<tr style=\"height: 56px\">\n<td style=\"height: 56px;width: 178.35px\">Silvia Nadeni\u0107<\/td>\n<td style=\"height: 56px;width: 168.325px\">Razredna nastava 3.r<\/td>\n<td style=\"height: 56px;width: 179.413px\">Srijeda, 15:10-16:30<\/td>\n<td style=\"height: 56px;width: 214.913px\">silvia.nadenic@skole.hr<\/td>\n<\/tr>\n<tr style=\"height: 24px\">\n<td style=\"height: 24px;width: 178.35px\">Gordana Butkovi\u0107<\/td>\n<td style=\"height: 24px;width: 168.325px\">Razredna nastava 4. r<\/td>\n<td style=\"height: 24px;width: 179.413px\">Utorak, 16:50-17:35<\/td>\n<td style=\"height: 24px;width: 214.913px\">gordana.butkovic@skole.hr<\/td>\n<\/tr>\n<tr style=\"height: 144px\">\n<td style=\"height: 144px;width: 178.35px\">Maja Mal\u010di\u0107<\/td>\n<td style=\"height: 144px;width: 168.325px\">Hrvatski jezik<\/td>\n<td style=\"height: 144px;width: 179.413px\">\n<p>\u010cetvrtak, 10:45-11:30<\/p>\n<p>Popodne: 1. ponedjeljak u mjesecu od 16:00-17:00<\/p>\n<\/td>\n<td style=\"height: 144px;width: 214.913px\">maja.malcic@skole.hr<\/td>\n<\/tr>\n<tr style=\"height: 24px\">\n<td style=\"height: 24px;width: 178.35px\">Lana Predojevi\u0107<\/td>\n<td style=\"height: 24px;width: 168.325px\">Likovna kultura<\/td>\n<td style=\"height: 24px;width: 179.413px\">\n<p>Ponedjeljak, 11:40-12:40<\/p>\n<p>Popodne: 1. ponedjeljak u mjesecu od 16:00-17:00<\/p>\n<\/td>\n<td style=\"height: 24px;width: 214.913px\">lana.predojevic1@skole.hr<\/td>\n<\/tr>\n<tr style=\"height: 24px\">\n<td style=\"height: 24px;width: 178.35px\">Tea Mu\u017ei\u0107<\/td>\n<td style=\"height: 24px;width: 168.325px\">Glazbena kultura<\/td>\n<td style=\"height: 24px;width: 179.413px\">\u010cetvrtak, 11:30-12:15<\/td>\n<td style=\"height: 24px;width: 214.913px\">tea.muzic@skole.hr<\/td>\n<\/tr>\n<tr style=\"height: 24px\">\n<td style=\"height: 24px;width: 178.35px\">Ana Radolovi\u0107<\/td>\n<td style=\"height: 24px;width: 168.325px\">Engleski jezik<\/td>\n<td style=\"height: 24px;width: 179.413px\">\u010cetvrtak, 10:45-11:30<\/td>\n<td style=\"height: 24px;width: 214.913px\">ana.radolovic@skole.hr<\/td>\n<\/tr>\n<tr style=\"height: 24px\">\n<td style=\"height: 24px;width: 178.35px\">Karla Blaslov Orbani\u0107\/Diana Jugovac (zamj.)<\/td>\n<td style=\"height: 24px;width: 168.325px\">Matematika<\/td>\n<td style=\"height: 24px;width: 179.413px\">Utorak, 9:40-10:25<\/td>\n<td style=\"height: 24px;width: 214.913px\"><\/td>\n<\/tr>\n<tr style=\"height: 24px\">\n<td style=\"height: 24px;width: 178.35px\">Viviana Kozina\/Kristina Bateli\u0107 (zamj.)<\/td>\n<td style=\"height: 24px;width: 168.325px\">Priroda\/Biologija<\/td>\n<td style=\"height: 24px;width: 179.413px\">Ponedjeljak, 11:00-12:00<\/td>\n<td style=\"height: 24px;width: 214.913px\"><\/td>\n<\/tr>\n<tr style=\"height: 144px\">\n<td style=\"height: 144px;width: 178.35px\">Nina Bren\u010di\u0107 Ban<\/td>\n<td style=\"height: 144px;width: 168.325px\">Povijest<\/td>\n<td style=\"height: 144px;width: 179.413px\">\n<p>Utorak, 11:35-12:20<\/p>\n<p>Popodne: 1. ponedjeljak u mjesecu od 17:00-18:00<\/p>\n<\/td>\n<td style=\"height: 144px;width: 214.913px\">nina.brencic@skole.hr<\/td>\n<\/tr>\n<tr style=\"height: 24px\">\n<td style=\"height: 24px;width: 178.35px\">Tina Bu\u017eleta &#8211; \u010cehi\u0107<\/td>\n<td style=\"height: 24px;width: 168.325px\">Geografija<\/td>\n<td style=\"height: 24px;width: 179.413px\">Ponedjeljak, 10:45-11:30<\/td>\n<td style=\"height: 24px;width: 214.913px\">tina.buzleta@skole.hr<\/td>\n<\/tr>\n<tr style=\"height: 24px\">\n<td style=\"height: 24px;width: 178.35px\">Gordana Mazzi<\/td>\n<td style=\"height: 24px;width: 168.325px\">Tehni\u010dka kultura<\/td>\n<td style=\"height: 24px;width: 179.413px\">Utorak, 13:15-14:00<\/td>\n<td style=\"height: 24px;width: 214.913px\">gordana.mazzi@skole.hr<\/td>\n<\/tr>\n<tr style=\"height: 24px\">\n<td style=\"height: 24px;width: 178.35px\">Slobodanka Prica<\/td>\n<td style=\"height: 24px;width: 168.325px\">Fizika<\/td>\n<td style=\"height: 24px;width: 179.413px\">Ponedjeljak, 7:15-7:55<\/td>\n<td style=\"height: 24px;width: 214.913px\">slobodanka.prica@skole.hr<\/td>\n<\/tr>\n<tr style=\"height: 24px\">\n<td style=\"height: 24px;width: 178.35px\">Jelena Baka\u010d<\/td>\n<td style=\"height: 24px;width: 168.325px\">Kemija<\/td>\n<td style=\"height: 24px;width: 179.413px\">\u010cetvrtak, 11:35-12:20<\/td>\n<td style=\"height: 24px;width: 214.913px\">jelena.bakac1@skole.hr<\/td>\n<\/tr>\n<tr style=\"height: 48px\">\n<td style=\"height: 48px;width: 178.35px\">Doris Belu\u0161i\u0107\/Tereza Vretenar (zamj.)<\/td>\n<td style=\"height: 48px;width: 168.325px\">Tjelesna i zdravstvena kultura<\/td>\n<td style=\"height: 48px;width: 179.413px\">Utorak, 12:25-13:15<\/td>\n<td style=\"height: 48px;width: 214.913px\"><\/td>\n<\/tr>\n<tr style=\"height: 24px\">\n<td style=\"height: 24px;width: 178.35px\">Helga Vrh<\/td>\n<td style=\"height: 24px;width: 168.325px\">Vjeronauk<\/td>\n<td style=\"height: 24px;width: 179.413px\">Ponedjeljak, 9:35-10:20<\/td>\n<td style=\"height: 24px;width: 214.913px\">helga.vrh@skole.hr<\/td>\n<\/tr>\n<tr style=\"height: 48px\">\n<td style=\"height: 48px;width: 178.35px\">Denis Jambro\u0161i\u0107<\/td>\n<td style=\"height: 48px;width: 168.325px\">Informatika ( 1.,2.,3.,4.r.)<\/td>\n<td style=\"height: 48px;width: 179.413px\">Ponedjeljak, 16:45-17:50<\/td>\n<td style=\"height: 48px;width: 214.913px\">denis.jambrosic@skole.hr<\/td>\n<\/tr>\n<tr style=\"height: 48px\">\n<td style=\"height: 48px;width: 178.35px\">Ivor Ku\u010dek<\/td>\n<td style=\"height: 48px;width: 168.325px\">Informatika ( 5.,6.,7.,8.r.)<\/td>\n<td style=\"height: 48px;width: 179.413px\">Srijeda, 9:40-10:25<\/td>\n<td style=\"height: 48px;width: 214.913px\">ivor.kucek@skole.hr<\/td>\n<\/tr>\n<tr style=\"height: 48px\">\n<td style=\"height: 48px;width: 178.35px\">Sandra Pastrovicchio Luki\u0107<\/td>\n<td style=\"height: 48px;width: 168.325px\">Talijanski jezik<\/td>\n<td style=\"height: 48px;width: 179.413px\">\u010cetvrtak, 13:10-14:00<\/td>\n<td style=\"height: 48px;width: 214.913px\">sandra.pastrovicchio-lukic@skole.hr<\/td>\n<\/tr>\n<\/tbody>\n<\/table>\n<p>[\/et_pb_toggle][\/et_pb_column][\/et_pb_row][\/et_pb_section]<\/p>\n","protected":false},"excerpt":{"rendered":"<p>\u010cesta pitanja &nbsp; U\u010ditelj\/ica Predmet Dan i sat E-mail Marina Trogrli\u0107 Razredna nastava 1.r Ponedjeljak, 16:00-16:45 marina.trogrlic@skole.hr Tatjana Orli\u0107 Razredna nastava 2.r Petak, 16:45-17:30 tatjana.orlic@skole.hr Silvia Nadeni\u0107 Razredna nastava 3.r Srijeda, 15:10-16:30 silvia.nadenic@skole.hr Gordana Butkovi\u0107 Razredna nastava 4. r Utorak, 16:50-17:35 gordana.butkovic@skole.hr Maja Mal\u010di\u0107 Hrvatski jezik \u010cetvrtak, 10:45-11:30 Popodne: 1. ponedjeljak u mjesecu od 16:00-17:00 [&hellip;]<\/p>\n","protected":false},"author":0,"featured_media":0,"parent":0,"menu_order":0,"comment_status":"closed","ping_status":"closed","template":"","meta":{"_et_pb_use_builder":"on","_et_pb_old_content":"","_et_gb_content_width":"","footnotes":""},"class_list":["post-146","page","type-page","status-publish","hentry"],"_links":{"self":[{"href":"https:\/\/os-svetvincenat.skole.hr\/index.php?rest_route=\/wp\/v2\/pages\/146","targetHints":{"allow":["GET"]}}],"collection":[{"href":"https:\/\/os-svetvincenat.skole.hr\/index.php?rest_route=\/wp\/v2\/pages"}],"about":[{"href":"https:\/\/os-svetvincenat.skole.hr\/index.php?rest_route=\/wp\/v2\/types\/page"}],"replies":[{"embeddable":true,"href":"https:\/\/os-svetvincenat.skole.hr\/index.php?rest_route=%2Fwp%2Fv2%2Fcomments&post=146"}],"version-history":[{"count":6,"href":"https:\/\/os-svetvincenat.skole.hr\/index.php?rest_route=\/wp\/v2\/pages\/146\/revisions"}],"predecessor-version":[{"id":296394,"href":"https:\/\/os-svetvincenat.skole.hr\/index.php?rest_route=\/wp\/v2\/pages\/146\/revisions\/296394"}],"wp:attachment":[{"href":"https:\/\/os-svetvincenat.skole.hr\/index.php?rest_route=%2Fwp%2Fv2%2Fmedia&parent=146"}],"curies":[{"name":"wp","href":"https:\/\/api.w.org\/{rel}","templated":true}]}}