{"id":122,"date":"2023-07-28T22:09:32","date_gmt":"2023-07-28T20:09:32","guid":{"rendered":"https:\/\/os-svetvincenat.skole.hr\/?page_id=122"},"modified":"2025-10-27T15:28:11","modified_gmt":"2025-10-27T14:28:11","slug":"dokumenti","status":"publish","type":"page","link":"https:\/\/os-svetvincenat.skole.hr\/?page_id=122","title":{"rendered":"Dokumenti"},"content":{"rendered":"<p>[et_pb_section fb_built=&#8221;1&#8243; _builder_version=&#8221;4.25.0&#8243; _module_preset=&#8221;default&#8221; global_colors_info=&#8221;{}&#8221;][et_pb_row _builder_version=&#8221;4.25.0&#8243; _module_preset=&#8221;default&#8221;][et_pb_column _builder_version=&#8221;4.25.0&#8243; _module_preset=&#8221;default&#8221; type=&#8221;4_4&#8243;][et_pb_text _builder_version=&#8221;4.25.0&#8243; text_font=&#8221;||||||||&#8221; text_font_size=&#8221;1px&#8221; text_line_height=&#8221;1em&#8221; header_font=&#8221;EB Garamond|||||||#0C71C3|solid&#8221; header_text_align=&#8221;center&#8221; header_text_color=&#8221;rgba(0,0,0,0.65)&#8221; header_font_size=&#8221;57px&#8221; header_line_height=&#8221;1.3em&#8221; background_color=&#8221;rgba(224,87,80,0.44)&#8221; max_width=&#8221;1012px&#8221; custom_margin=&#8221;-41px|||||&#8221; hover_enabled=&#8221;0&#8243; text_font_size_tablet=&#8221;&#8221; text_font_size_phone=&#8221;15px&#8221; text_font_size_last_edited=&#8221;on|phone&#8221; text_line_height_tablet=&#8221;&#8221; text_line_height_phone=&#8221;1.6em&#8221; text_line_height_last_edited=&#8221;on|phone&#8221; header_font_size_tablet=&#8221;50px&#8221; header_font_size_phone=&#8221;32px&#8221; box_shadow_style=&#8221;preset1&#8243; box_shadow_horizontal=&#8221;-21px&#8221; box_shadow_vertical=&#8221;-2px&#8221; box_shadow_blur=&#8221;27px&#8221; box_shadow_spread=&#8221;-1px&#8221; global_colors_info=&#8221;{}&#8221; theme_builder_area=&#8221;post_content&#8221; sticky_enabled=&#8221;0&#8243;]<\/p>\n<h1>Dokumenti, zakoni i pravilnici \u0161kole<\/h1>\n<p>&nbsp;<\/p>\n<p>[\/et_pb_text][\/et_pb_column][\/et_pb_row][et_pb_row column_structure=&#8221;1_4,1_4,1_4,1_4&#8243; _builder_version=&#8221;4.25.0&#8243; _module_preset=&#8221;default&#8221; global_colors_info=&#8221;{}&#8221; custom_padding=&#8221;50px|||||&#8221; min_height=&#8221;814.6px&#8221;][et_pb_column type=&#8221;1_4&#8243; _builder_version=&#8221;4.25.0&#8243; _module_preset=&#8221;default&#8221; global_colors_info=&#8221;{}&#8221;][et_pb_text _builder_version=&#8221;4.25.0&#8243; _module_preset=&#8221;default&#8221; global_colors_info=&#8221;{}&#8221;]<\/p>\n<p>\u00a0VA\u017dNI DOKUMENTI<\/p>\n<p><a href=\"https:\/\/os-svetvincenat.skole.hr\/wp-content\/uploads\/sites\/2697\/2025\/10\/STATUT-OS-SVETVINCENAT.pdf\" rel=\"attachment wp-att-295653\">STATUT O\u0160 SVETVIN\u010cENAT<\/a><\/p>\n<p><a href=\"https:\/\/os-svetvincenat.skole.hr\/wp-content\/uploads\/sites\/2697\/2025\/10\/KUCNI-RED.pdf\" rel=\"attachment wp-att-295656\">KU\u0106NI RED<\/a><\/p>\n<p><a href=\"https:\/\/os-svetvincenat.skole.hr\/wp-content\/uploads\/sites\/2697\/2024\/08\/Eticki-kodeks-OS-Svetvincenat-2015-1.doc\" rel=\"attachment wp-att-292800\">Eti\u010dki kodeks\u00a0<\/a><\/p>\n<p><a href=\"https:\/\/narodne-novine.nn.hr\/clanci\/sluzbeni\/2008_06_63_2129.html\">Dr\u017eavni pedago\u0161ki standard<\/a><\/p>\n<p><a href=\"https:\/\/os-svetvincenat.skole.hr\/wp-content\/uploads\/sites\/2697\/2024\/09\/Plan-evakuacije.pdf\" rel=\"attachment wp-att-293061\">Plan evakuacije<\/a><\/p>\n<p><a href=\"https:\/\/os-svetvincenat.skole.hr\/wp-content\/uploads\/sites\/2697\/2024\/09\/ZAHTJEV_ZA_PRISTUP_INFORMACIJAMA.docx\" rel=\"attachment wp-att-293064\">Zahtjev za pristup informacijama\u00a0<\/a><\/p>\n<p><a href=\"https:\/\/os-svetvincenat.skole.hr\/wp-content\/uploads\/sites\/2697\/2025\/10\/Protokol_o_postupanju_u_slucaju_nasilja_me_u_djecom_i_mladima_2024.pdf\" rel=\"attachment wp-att-295683\">Protokol o postupanju u slu\u010daju nasilja me\u0111u djecom i mladima<\/a><\/p>\n<p><a href=\"https:\/\/os-svetvincenat.skole.hr\/wp-content\/uploads\/sites\/2697\/2025\/10\/Protokol_o_postupanju_u_slucaju_seksualnog_nasilja.pdf\" rel=\"attachment wp-att-295674\">Protokol o postupanju u slu\u010daju seksualnog nasilja<\/a><\/p>\n<p>[\/et_pb_text][\/et_pb_column][et_pb_column type=&#8221;1_4&#8243; _builder_version=&#8221;4.25.0&#8243; _module_preset=&#8221;default&#8221; global_colors_info=&#8221;{}&#8221;][et_pb_text _builder_version=&#8221;4.25.0&#8243; _module_preset=&#8221;default&#8221; global_colors_info=&#8221;{}&#8221;]<\/p>\n<p>ZAKONI<\/p>\n<p><a href=\"https:\/\/narodne-novine.nn.hr\/clanci\/sluzbeni\/2014_07_93_1872.html\">Zakon o radu<\/a>\u00a0<\/p>\n<p><a href=\"https:\/\/www.zakon.hr\/z\/317\/Zakon-o-odgoju-i-obrazovanju-u-osnovnoj-i-srednjoj-%C5%A1koli\">Zakon o odgoju i obrazovanju<\/a><\/p>\n<p><a href=\"https:\/\/narodne-novine.nn.hr\/clanci\/sluzbeni\/2012_09_106_2300.html\">Zakon o za\u0161titi osobnih podataka<\/a><\/p>\n<p><a href=\"https:\/\/www.zakon.hr\/z\/126\/Zakon-o-pravu-na-pristup-informacijama\">Zakon o pravu na pristup informacijama<\/a><\/p>\n<p>[\/et_pb_text][\/et_pb_column][et_pb_column type=&#8221;1_4&#8243; _builder_version=&#8221;4.25.0&#8243; _module_preset=&#8221;default&#8221; global_colors_info=&#8221;{}&#8221;][et_pb_text _builder_version=&#8221;4.25.0&#8243; _module_preset=&#8221;default&#8221; global_colors_info=&#8221;{}&#8221;]<\/p>\n<p>PRAVILNICI<\/p>\n<p><a href=\"https:\/\/narodne-novine.nn.hr\/clanci\/sluzbeni\/2017_05_47_1108.html\">Pravilnik o pedago\u0161koj dokumentaciji i evidenciji te javnim ispravama u \u0161kolskim ustanovama<\/a><\/p>\n<p><a href=\"https:\/\/os-svetvincenat.skole.hr\/upload\/os-svetvincenat\/images\/static3\/797\/File\/Pravilnik%20o%20ocjenjivanju.pdf\">Pravilnik o na\u010dinima, postupcima i elementima vrednovanja u\u010denika u O\u0160 i S\u0160<\/a><\/p>\n<p><a href=\"https:\/\/os-svetvincenat.skole.hr\/wp-content\/uploads\/sites\/2697\/2024\/09\/Pravilnik-o-zastiti-prava-ucenika.docx\" rel=\"attachment wp-att-293073\">Pravilnik o za\u0161titi prava u\u010denika<\/a><\/p>\n<p><a href=\"https:\/\/os-svetvincenat.skole.hr\/wp-content\/uploads\/sites\/2697\/2024\/09\/Pravilnik_o_kriterijima_za_izricanje_pedagoskih_mjera_NN_br_94_2015.pdf\" rel=\"attachment wp-att-293076\">Pravilnik o kriterijima za izricanje pedago\u0161kih mjera<\/a><\/p>\n<p><a href=\"https:\/\/os-svetvincenat.skole.hr\/wp-content\/uploads\/sites\/2697\/2024\/09\/Pravilnik_o_postupku_utvrdivanja_psihofizickog_stanja_djeteta-1.pdf\" rel=\"attachment wp-att-293079\">Pravilnik o postupku utvr\u0111ivanja psihofizi\u010dkog stanja djeteta<\/a><\/p>\n<p><a href=\"https:\/\/os-svetvincenat.skole.hr\/wp-content\/uploads\/sites\/2697\/2024\/09\/Pravilnik_o_izvodenju_izleta_ekskurzija.pdf\" rel=\"attachment wp-att-293082\">Pravilnik o izvo\u0111enju izleta i ekskurzija<\/a><\/p>\n<p><a href=\"https:\/\/os-svetvincenat.skole.hr\/wp-content\/uploads\/sites\/2697\/2025\/10\/PRAVILNIK-O-NACINU-I-POSTUPKU-ZAPOSLJAVANJA.pdf\" rel=\"attachment wp-att-295665\">PRAVILNIK O NA\u010cINU I POSTUPKU ZAPO\u0160LJAVANJA<\/a><\/p>\n<p>&nbsp;<\/p>\n<p>[\/et_pb_text][\/et_pb_column][et_pb_column type=&#8221;1_4&#8243; _builder_version=&#8221;4.25.0&#8243; _module_preset=&#8221;default&#8221; global_colors_info=&#8221;{}&#8221;][et_pb_text _builder_version=&#8221;4.25.0&#8243; _module_preset=&#8221;default&#8221; global_colors_info=&#8221;{}&#8221;]<\/p>\n<p><a href=\"https:\/\/os-svetvincenat.skole.hr\/wp-content\/uploads\/sites\/2697\/2025\/09\/Pravilnik-o-jednostavnoj-nabavi-roba-usluga-i-radova_a1ae4170-9458-48db-a1c9-3de4a9a3ccab-2.pdf\" rel=\"attachment wp-att-295539\">Pravilnik-o-jednostavnoj-nabavi-roba-usluga-i-radova<\/a>\u00a0<\/p>\n<p><a href=\"https:\/\/os-svetvincenat.skole.hr\/wp-content\/uploads\/sites\/2697\/2024\/09\/Pravilnik-o-koristenju-vlastitih-prihoda-5-2020.docx\" rel=\"attachment wp-att-293088\">Pravilnik o kori\u0161tenju vlastitih prihoda<\/a><\/p>\n<p><a href=\"https:\/\/os-svetvincenat.skole.hr\/wp-content\/uploads\/sites\/2697\/2024\/09\/Pravilnik_o_zajednickome_upisniku_skolskih_ustanova_u_elektronickome_obliku_-_e-Matici.pdf\" rel=\"attachment wp-att-293091\">Pravilnik o zajedni\u010dkom upisniku \u0161k.ustanova u e-Matici<\/a><\/p>\n<p>&nbsp;<\/p>\n<p>[\/et_pb_text][\/et_pb_column][\/et_pb_row][\/et_pb_section]<\/p>\n","protected":false},"excerpt":{"rendered":"<p>Dokumenti, zakoni i pravilnici \u0161kole &nbsp;\u00a0VA\u017dNI DOKUMENTI STATUT O\u0160 SVETVIN\u010cENAT KU\u0106NI RED Eti\u010dki kodeks\u00a0 Dr\u017eavni pedago\u0161ki standard Plan evakuacije Zahtjev za pristup informacijama\u00a0 Protokol o postupanju u slu\u010daju nasilja me\u0111u djecom i mladima Protokol o postupanju u slu\u010daju seksualnog nasiljaZAKONI Zakon o radu\u00a0 Zakon o odgoju i obrazovanju Zakon o za\u0161titi osobnih podataka Zakon o [&hellip;]<\/p>\n","protected":false},"author":0,"featured_media":0,"parent":0,"menu_order":0,"comment_status":"closed","ping_status":"closed","template":"","meta":{"_et_pb_use_builder":"on","_et_pb_old_content":"<!-- wp:filebird\/document-library {\"request\":{\"pagination\":{\"current\":1,\"limit\":10},\"search\":\"\",\"orderBy\":\"post_title\",\"orderType\":\"DESC\",\"selectedFolder\":[\"5\"]}} \/-->","_et_gb_content_width":"795","footnotes":""},"class_list":["post-122","page","type-page","status-publish","hentry"],"_links":{"self":[{"href":"https:\/\/os-svetvincenat.skole.hr\/index.php?rest_route=\/wp\/v2\/pages\/122","targetHints":{"allow":["GET"]}}],"collection":[{"href":"https:\/\/os-svetvincenat.skole.hr\/index.php?rest_route=\/wp\/v2\/pages"}],"about":[{"href":"https:\/\/os-svetvincenat.skole.hr\/index.php?rest_route=\/wp\/v2\/types\/page"}],"replies":[{"embeddable":true,"href":"https:\/\/os-svetvincenat.skole.hr\/index.php?rest_route=%2Fwp%2Fv2%2Fcomments&post=122"}],"version-history":[{"count":17,"href":"https:\/\/os-svetvincenat.skole.hr\/index.php?rest_route=\/wp\/v2\/pages\/122\/revisions"}],"predecessor-version":[{"id":296328,"href":"https:\/\/os-svetvincenat.skole.hr\/index.php?rest_route=\/wp\/v2\/pages\/122\/revisions\/296328"}],"wp:attachment":[{"href":"https:\/\/os-svetvincenat.skole.hr\/index.php?rest_route=%2Fwp%2Fv2%2Fmedia&parent=122"}],"curies":[{"name":"wp","href":"https:\/\/api.w.org\/{rel}","templated":true}]}}